 = 2*g - 126, -2*w = 2*g - 21 + 69. Let c = w - -25. What is the remainder when 110 + 32/4 + c is divided by 24?
18
Let t be -1 + 4 - (-3)/(-1). Suppose t*s - s + 2*u + 28 = 0, 0 = -4*s + 3*u + 87. What is the remainder when 6 + (-196)/21*-3 is divided by s?
16
Let p be 24/15 - (-1)/((-20)/(-8)). Let h be -1 + 0 + 4 + -3 + p. Calculate the remainder when (-1 + h)/(5/75) is divided by 8.
7
Let s(c) = -c - 3. Let q be s(-6). Suppose 5*y - 5*l - 130 = 0, y + 2*l = -q + 41. Let o = -17 + y. What is the remainder when 24 is divided by o?
11
Calculate the remainder when 33/44 + 2628/16 is divided by 33.
0
Suppose 47*r = 31*r + 4720. What is the remainder when r is divided by 287?
8
Let b = -514 - -1069. Suppose -b = -14*i + 9*i. Calculate the remainder when i is divided by (-46)/4*(-23 - -21).
19
Let n = 2972 + -2738. What is the remainder when n is divided by 68?
30
Let c(n) = 3*n + 102. Let f be c(13). What is the remainder when f/((9/108)/((-1)/(-9))) is divided by 49?
41
Let f be 0*(4/3 + -1). Suppose -54 = -f*s - 3*s. Suppose -1127 = -19*h + 868. What is the remainder when h is divided by s?
15
Let d be (6/(-9))/(4/(-1314)). Suppose -224 = -5*k + 4*q, -19*k + 14*k + d = q. Calculate the remainder when k is divided by 15.
14
Suppose 5*g + 5*h - 255 = 0, 2*h = 16*g - 21*g + 237. What is the remainder when g is divided by (-3 + 4)/(2/20)?
5
Suppose c = k + 24, -60 = 10*k - 8*k + 2*c. Calculate the remainder when 846*(153/k - -6) is divided by 57.
54
Let s(m) = 182*m**2 + 50*m - 160. Calculate the remainder when s(3) is divided by 51.
47
Suppose -49*s + 9416 = -27*s. Calculate the remainder when s is divided by 16.
12
Let r(g) = -93*g + 8751. Calculate the remainder when r(93) is divided by 13.
11
Let h(c) = -27*c - 172. Let u(l) = -l**3 + 8*l**2 + 67*l. Let m be u(-5). What is the remainder when 584 is divided by h(m)?
94
Let r = 67 - 70. Let y(v) = -25*v + 10. Let a be y(r). Let d = a - 69. What is the remainder when 93 is divided by d?
13
Suppose b - s = s + 573, 3*b - 3*s - 1698 = 0. Calculate the remainder when b is divided by 28.
27
Calculate the remainder when 375 is divided by 43 - (9 + 15/(-5)).
5
Let x be 592/(-2) - ((-5)/(-1) + -4). What is the remainder when (-429)/(-4) - (x/44 - -7) is divided by 23?
15
Let t = 242 + -241. Let s(i) = 6*i**2 + 4*i. Calculate the remainder when 159 is divided by s(t).
9
Let a(r) = -11*r**2 - 5*r + 6*r**2 + 2*r + 8 + 4*r**2. Let n(s) = -s**3 + s**2 + 2*s. Let p be n(2). What is the remainder when a(p) is divided by 4?
0
Let o = 148 - 146. Suppose -2*p - 122 = -o*m, 0 = 2*m - 3*p - 136 + 9. Calculate the remainder when 260 is divided by m.
36
Suppose 336 = 145*c - 131*c. Calculate the remainder when 1991 is divided by c.
23
Let p(b) = -b - 10. Let a be p(-14). Suppose -66 = -a*j + 58. Calculate the remainder when 126 + (4 - 8) + 0 is divided by j.
29
Let p be (-1)/(3 + -1 - 660/328). Let w = p - 64. Let g = -3 + 73. What is the remainder when g is divided by w?
16
Let l(m) = -35*m + 1983. Calculate the remainder when 5022 is divided by l(-15).
6
Let a be (2/(-3))/((-22)/(-33)). Let q(m) = 33*m**2 + m + 1. Calculate the remainder when q(a) is divided by ((-188)/(-235))/(2/45).
15
Let a(r) = -2 - 4 + 0 - r**2 - 8 + 9*r. Suppose 14*h = 90 - 6. Calculate the remainder when a(h) is divided by 3.
1
Suppose -3*f - 3*d = -18, -5*d - 267 = f - 281. Let o = 601 - 286. Suppose 11*a = f*a + o. What is the remainder when a is divided by 17?
11
Let h = -649 - -244. Let k = h + 413. What is the remainder when (-20)/(-8)*12/1 is divided by k?
6
Let i(o) = o**3 - 6*o**2 + 7*o - 1. Let q be i(3). Let l be (-13 - -7 - q)*(1 - 1). What is the remainder when 0 + -1 - -1*(86 - l) is divided by 22?
19
Suppose 230*l + 12894 - 22909 = 96245. What is the remainder when l is divided by 36?
30
Calculate the remainder when 806 is divided by 18/15*(255/(-1))/((-720)/160).
58
Let i = 37396 + -37380. Suppose -26 = -3*f + 403. Calculate the remainder when f is divided by i.
15
Calculate the remainder when 737 is divided by ((-92260)/(-165))/14 - (-20)/330.
17
Let x = -328 - -483. Suppose 3*q = -2*p + x, -6*p + 3*p = 4*q - 207. Suppose q = b - 8. Calculate the remainder when 115 is divided by b.
56
Let k = -29111 - -29182. Calculate the remainder when 944 is divided by k.
21
Let z be 145 - ((-8)/6 - -2)*3. Suppose z = 5*s + 8*s. Suppose -3*m + 31 = -s. What is the remainder when 26 is divided by m?
12
Let y be (110/(-11))/(6/(-111)). Let j = -160 + y. Calculate the remainder when 94 is divided by j.
19
Let v(x) = -14*x - 5. What is the remainder when 22 is divided by v(-1)?
4
What is the remainder when 1457 is divided by (-4)/(-58) - 1156/(-58)?
17
Let w = -2 + 5. Suppose 2*t - 6 = 4*q + 12, -w*q = -3*t + 36. Suppose 2158*a - 2159*a + 35 = -2*n, a = 5*n + 23. Calculate the remainder when a is divided by t.
13
Suppose 4*j - 139 = -3*h, 141 = 4*j - 27*h + 32*h. Calculate the remainder when j is divided by 32.
2
Let p(y) = -7*y**2 - 26*y + 4. Let j(d) = 22*d**2 + 80*d - 12. Let f(s) = 6*j(s) + 19*p(s). What is the remainder when 51 is divided by f(-12)?
23
Let f = 24236 + -24209. What is the remainder when 50/1 - (-24)/8 is divided by f?
26
Suppose 112 = 366*w - 362*w. Calculate the remainder when 1566 is divided by w.
26
Let n(o) = -o**3 + 7*o**2 + 2*o + 4. Let z(w) = -9*w - 367. Let y be z(0). Let f = 373 + y. Calculate the remainder when n(6) is divided by f.
4
Let c = -168 - -201. Suppose -7*v - c = -201. Calculate the remainder when 45 is divided by v.
21
Let u = 14336 - 14248. What is the remainder when u is divided by 77?
11
Let k(l) = -12*l - 21. Let q = 717 + -719. What is the remainder when k(q) is divided by 1?
0
Let k = 69 - 46. Calculate the remainder when (-23)/575*-380*5/2 is divided by k.
15
Suppose -b = 3 + 3. Suppose 0 = y + 3*w - 37, 22*y + 3*w = 18*y + 103. Let c = b + y. What is the remainder when 94 is divided by c?
14
Let m(l) = -4*l**3 - 6*l**2 + 82*l - 16. Calculate the remainder when m(-11) is divided by 29.
26
Let n(f) = f**3 - 84*f**2 + 323*f - 156. Calculate the remainder when 104 is divided by n(80).
20
Let u(o) = -89*o**3 + 15*o**2 + 19*o + 5. What is the remainder when 3149 is divided by u(-1)?
89
Suppose 8*d - 25 = 3*d. Calculate the remainder when 12/(-15) + 1 + 394/d is divided by ((-1)/2 + 1)*82.
38
Let k = 51300 + -51272. What is the remainder when 146 + -2 + 4 + -1 is divided by k?
7
Let w(d) = 4*d**2 - 124*d + 200. What is the remainder when 2795 is divided by w(30)?
75
Suppose 669 = 69*f - 4161. What is the remainder when f is divided by 19?
13
Let r(o) = o**3 + 8*o**2 - 11*o + 14. Let m be r(-9). Let a = m - 10. Calculate the remainder when a is divided by 4/6*195/10.
9
Let w(j) = -j**3 - 3*j**2 + 2*j + 4. Let g be w(-3). Suppose -250*x - 220 = -255*x. Calculate the remainder when 21 is divided by 140/x - g/(-11).
0
Let z(i) = -24*i + 410. Calculate the remainder when z(-12) is divided by 10.
8
Let x = 4709 + -4683. Let a = -4 + 3. Calculate the remainder when a + 1*384/3 is divided by x.
23
Let s be ((-84)/8)/((-2)/40). Suppose -97*r + 91*r + s = 0. What is the remainder when r is divided by 13?
9
Let a = 275 - 267. Calculate the remainder when (688/a + 8)*(-2)/(-4) is divided by 22.
3
Suppose -r - 248 = 3*s, s - 5*r = -0*r - 88. Let t = -71 - s. What is the remainder when 154 is divided by t?
10
Suppose 3*v = -t + 79, 0 = 2*t - 28*v + 36*v - 182. Calculate the remainder when ((-426)/(-4))/((-2)/(-8)) is divided by t.
39
Suppose q - 2*q + 8 = 0. Let v be ((q/6)/(-4))/((-2)/6). What is the remainder when (1*-89*(-4 - -3))/v is divided by 23?
20
Let b(c) = 271*c + 2574. Calculate the remainder when b(-9) is divided by ((-34)/4 + 0)*-4.
33
Suppose -u + 2*b = -1, -6*u + 6*b - 3*b = 21. Let v = 12 - u. Calculate the remainder when 73 is divided by v.
5
Let y(z) = -z**2 + 14*z - 4. Let p be y(6). Suppose 5*k - p - 26 = 0. Suppose -3*l + 4 = -k. Calculate the remainder when 9 is divided by l.
3
Let s = 32550 - 32534. Suppose 4*t - 9 + 3 = 2*x, -4*x = -2*t - 12. What is the remainder when s is divided by t?
0
Suppose -22*v + 32*v = 420. Calculate the remainder when 127 is divided by v.
1
Suppose 0 = 4*c - 12, -140*i = -142*i - c + 345. Calculate the remainder when 251 is divided by i.
80
Let n = -148 + 1